01 (base 6) to base 2.
-101101111110100001000101
Convert -11410142 (base 5) to base 7.
-623504
-124224021 (base 5) to base 4
-2112232222
-120445 (base 8) to base 13
-15a14
What is 1002132022 (base 4) in base 9?
454427
-286a2d (base 16) to base 2
-1010000110101000101101
Convert 2378802 (base 9) to base 13.
363374
Convert -23303030 (base 5) to base 16.
-33f9a
What is 1507725 (base 8) in base 3?
210211220022
Convert -652a5 (base 14) to base 2.
-111011110000010001
What is 93380c (base 13) in base 5?
1334412100
-7356a (base 13) to base 4
-302221123
-1670054 (base 14) to base 7
-162500134
Convert -21143354 (base 7) to base 10.
-1792361
Convert -100000011000010100 (base 2) to base 7.
-1061446
What is 57954 (base 12) in base 13?
41416
Convert -11b55 (base 12) to base 11.
-17131
What is 210210201121 (base 3) in base 5?
102213211
What is 804975 (base 10) in base 8?
3044157
Convert 10914 (base 13) to base 11.
20683
Convert 153533042 (base 6) to base 8.
14344362
What is -3407137 (base 10) in base 9?
-6362637
Convert 31131413 (base 5) to base 15.
50958
-1100101110001111 (base 2) to base 5
-3131421
-2750305 (base 8) to base 10
-774341
What is 15676332 (base 8) in base 4?
31313303122
What is -10532051 (base 6) in base 15?
-65b47
What is -548b8d (base 14) in base 8?
-12737511
Convert 6136185 (base 11) to base 4.
221113012230
What is -a85b2 (base 13) in base 3?
-120110020210
-43aa1 (base 11) to base 3
-10020121212
What is 14204133 (base 5) in base 3?
21111012221
Convert -15304102 (base 6) to base 3.
-1000022020102
What is 838b2 (base 12) in base 15?
36108
What is 1010210301 (base 4) in base 11?
182037
What is -1110001000100000011100 (base 2) in base 3?
-20222020010001
113003103 (base 4) to base 5
11010134
1b6d7d (base 14) to base 7
11216516
Convert -302343341 (base 5) to base 12.
-4a7493
Convert -7a48 (base 12) to base 10.
-13592
-81ce58 (base 15) to base 9
-12542682
20513147 (base 8) to base 4
100221121213
Convert -38c98 (base 14) to base 2.
-100010000110100110
What is -2710a (base 15) in base 4?
-132202312
Convert -13213331 (base 6) to base 10.
-437527
Convert 687a5f (base 16) to base 5.
3223101241
Convert 41acad (base 14) to base 16.
21de89
Convert 10668bb (base 13) to base 10.
5012863
What is -1215252 (base 6) in base 2?
-1111110010110000
-934795 (base 11) to base 13
-406793
What is -470118 (base 9) in base 15?
-5894b
Convert -324b4a (base 14) to base 6.
-100302330
What is -acc96 (base 13) in base 16?
-4cb0d
-1620634 (base 9) to base 16
-db92e
-17111 (base 15) to base 7
-430114
2b326 (base 16) to base 5
21130214
Convert 30110022 (base 7) to base 12.
a00a79
-112230024 (base 5) to base 13
-14a398
What is 1021120 (base 7) in base 12?
5b121
Convert 78d9b (base 14) to base 3.
112220200012
Convert 27366408 (base 9) to base 8.
63415254
What is -230232 (base 5) in base 14?
-2db2
Convert -bb81 (base 13) to base 16.
-6613
Convert -c90a2 (base 15) to base 16.
-9bc4b
What is -433244305 (base 6) in base 16?
-75cc11
What is 43005410 (base 6) in base 13?
351c27
What is -70923b (base 12) in base 11?
-aa065a
-12361032 (base 7) to base 4
-10102123002
101000110111110110 (base 2) to base 15
3490e
-179aa9 (base 15) to base 13
-311b2c
100414113 (base 6) to base 14
32835b
2302422 (base 6) to base 5
12222410
Convert -920b42 (base 12) to base 13.
-61bc62
411857 (base 9) to base 4
323213122
Convert 17643100 (base 8) to base 7.
50150441
Convert -27432105 (base 8) to base 14.
-b69cb3
-156313 (base 8) to base 7
-323535
133013023 (base 4) to base 12
618b7
571235 (base 11) to base 8
3360051
What is 12bd9c1 (base 14) in base 4?
202211032111
What is 133112012200 (base 4) in base 13?
1919134
-7bd60 (base 14) to base 12
-126740
What is 466415 (base 7) in base 13?
2c25b
304459 (base 11) to base 6
14252001
What is 221102 (base 7) in base 11?
27182
What is 2809426 (base 10) in base 5?
1204400201
227173 (base 13) to base 3
1112102110011
What is -120000011121212 (base 3) in base 13?
-1862c36
2600575 (base 8) to base 16
b017d
1c3716 (base 13) to base 2
10110000001110011010
What is -22001211000 (base 3) in base 12?
-77a83
What is -347752 (base 8) in base 6?
-2313454
b7392 (base 12) to base 5
30200414
Convert 643542 (base 7) to base 13.
3bb32
-44427273 (base 8) to base 16
-922ebb
What is -c48ab (base 13) in base 4?
-1112023311
-1041633 (base 8) to base 11
-180a57
Convert 42225026 (base 7) to base 13.
97ca03
Convert -2063b8 (base 13) to base 5.
-143201201
What is 5155ba5 (base 12) in base 14?
2061257
Convert -1043122401 (base 5) to base 6.
-121355522
-1a3a20 (base 11) to base 12
-130b52
What is -5666238 (base 9) in base 11?
-17a765a
-598cb0 (base 13) to base 7
-24063264
What is 4bdb9 (base 14) in base 3?
100110220121
Convert 302200312 (base 4) to base 12.
9b89a
What is -496b27 (base 12) in base 8?
-4433717
21300113210 (base 4) to base 6
130451512
-1644247 (base 8) to base 3
-220020210200
-4e7d7b (base 16) to base 13
-10b1460
3132112 (base 6) to base 5
14331413
What is 1110110001001110 (base 2) in base 11?
414a5
Convert -40032 (base 6) to base 4.
-1101110
What is 61259 (base 13) in base 16?
2a797
-213345202 (base 7) to base 4
-300231022330
Convert -bcb4 (base 16) to base 4.
-23302310
10010001000110111101 (base 2) to base 12
247b65
Convert 246564b (base 13) to base 11.
6433606
-c2023 (base 15) to base 13
-1867a7
8381c (base 14) to base 10
317154
402704 (base 8) to base 3
20201211012
Convert -3474343 (base 8) to base 16.
-e78e3
10032131012 (base 4) to base 5
240422112
Convert -76bc (base 16) to base 3.
-1112200210
What is -2720721 (base 8) in base 10?
-762321
What is -210524515 (base 6) in base 9?
-6831302
-101010100001000111110 (base 2) to base 4
-11110020332
What is 674b8 (base 13) in base 14?
4c500
What is aa529b (base 12) in base 9?
5072162
What is -163c87 (base 15) in base 9?
-2020081
Convert -132332130 (base 4) to base 11.
-87362
Convert 11000001101011011010 (base 2) to base 10.
793306
143205315 (base 6) to base 4
23101230233
What is -1311 (base 6) in base 14?
-199
4525410 (base 6) to base 7
1643406
10101101220221 (base 3) to base 7
21202144
Convert 666868 (base 13) to base 4.
21031102300
What is 114472 (base 9) in base 7?
404630
Convert 5551233 (base 8) to base 13.
404a45
13231222323 (base 4) to base 13
55a4c3
What is -230774 (base 11) in base 16?
-59969
Convert -12203130 (base 6) to base 16.
-5f17e
What is 1609895 (base 11) in base 14?
518742
-11310234030 (base 5) to base 16
-c604ee
-1280759 (base 10) to base 13
-35ac5c
34b4a (base 13) to base 6
2022132
-d171b (base 15) to base 3
-1020200121022
What is 10120222120 (base 3) in base 2?
10001010000101101
What is -30332311110 (base 4) in base 7?
-40632360
Convert 349c41 (base 13) to base 4.
10301022321
Convert -2526b48 (base 12) to base 14.
-d733ba
What is -64b87 (base 13) in base 9?
-306740
What is -183a7b (base 12) in base 2?
-1100110111000111111
Convert -6263124 (base 7) to base 11.
-476283
What is -3441414 (base 5) in base 2?
-1111001010011101
Convert 4b058 (base 14) to base 8.
547166
Convert -386570 (base 10) to base 4.
-1132120022
202100211111222 (base 3) to base 7
160663064
7da0 (base 16) to base 10
32160
What is 1a259 (base 14) in base 10?
66327
What is -72160 (base 8) in base 5?
-1423213
Convert 5473068 (base 10) to base 11.
30a8aa7
What is 1101221222022 (base 3) in base 10?
747206
-10153607 (base 9) to base 14
-90d731
-29a2a (base 13) to base 7
-445134
-101101110000111001001100 (base 2) to base 10
-11996748
Convert -111101010000001101 (base 2) to base 7.
-2063316
7c84 (base 16) to base 14
b88c
Convert -1110110011111110101 (base 2) to base 10.
-485365
Convert 3960293 (base 11) to base 2.
11010001000111011101100
Convert 1563023 (base 7) to base 11.
139157
-196 (base 15) to base 11
-303
What is -2f52e2 (base 16) in base 4?
-23311023202
Convert -1a3697 (base 11) to base 9.
-525334
Convert 426337 (base 8) to base 11.
9811a
Convert 4543332 (base 7) to base 14.
10a0c2
7ea51 (base 15) to base 16
629ef
What is 2130031 (base 5) in base 16?
8daa
Convert -366226 (base 7) to base 6.
-1234111
Convert -144030221 (base 5) to base 16.
-bb649
1447320 (base 8) to base 5
101212032
Convert -11304356 (base 10) to base 15.
-ed468b
What is -1103505 (base 10) in base 3?
-2002001201120
Convert 106234 (base 9) to base 16.
f880
55024330 (base 6) to base 4
12033